{"id":41771,"date":"2024-07-15T14:52:28","date_gmt":"2024-07-15T12:52:28","guid":{"rendered":"https:\/\/www.km-decor.ch\/produkt\/led-tischleuchte-sina-3w-3000k\/"},"modified":"2025-07-04T09:36:13","modified_gmt":"2025-07-04T07:36:13","slug":"led-tischleuchte-sina-3w-3000k","status":"publish","type":"product","link":"https:\/\/www.km-decor.ch\/fr\/produkt\/led-tischleuchte-sina-3w-3000k\/","title":{"rendered":"Luminaire LED de table Sina"},"content":{"rendered":"<p>Fonctionnement sur batterie \/ 3W \/ RA95 \/ 90Lm\/W \/ 3000K \/ c\u00e2ble de chargement avec fiche USB d'un c\u00f4t\u00e9 et Micro USB 800mm \/ dimmable<\/p>","protected":false},"excerpt":{"rendered":"<p>Fonctionnement sur batterie \/ 3W \/ RA95 \/ 90Lm\/W \/ 3000K \/ c\u00e2ble de chargement avec fiche USB d'un c\u00f4t\u00e9 et Micro USB 800mm \/ dimmable<\/p>","protected":false},"featured_media":37457,"comment_status":"closed","ping_status":"closed","template":"","meta":{"_acf_changed":false},"product_brand":[],"product_cat":[31],"product_tag":[],"class_list":{"0":"post-41771","1":"product","2":"type-product","3":"status-publish","4":"has-post-thumbnail","6":"product_cat-led-aufbauspots","8":"first","9":"instock","10":"purchasable","11":"product-type-simple"},"acf":[],"_links":{"self":[{"href":"https:\/\/www.km-decor.ch\/fr\/wp-json\/wp\/v2\/product\/41771","targetHints":{"allow":["GET"]}}],"collection":[{"href":"https:\/\/www.km-decor.ch\/fr\/wp-json\/wp\/v2\/product"}],"about":[{"href":"https:\/\/www.km-decor.ch\/fr\/wp-json\/wp\/v2\/types\/product"}],"replies":[{"embeddable":true,"href":"https:\/\/www.km-decor.ch\/fr\/wp-json\/wp\/v2\/comments?post=41771"}],"wp:featuredmedia":[{"embeddable":true,"href":"https:\/\/www.km-decor.ch\/fr\/wp-json\/wp\/v2\/media\/37457"}],"wp:attachment":[{"href":"https:\/\/www.km-decor.ch\/fr\/wp-json\/wp\/v2\/media?parent=41771"}],"wp:term":[{"taxonomy":"product_brand","embeddable":true,"href":"https:\/\/www.km-decor.ch\/fr\/wp-json\/wp\/v2\/product_brand?post=41771"},{"taxonomy":"product_cat","embeddable":true,"href":"https:\/\/www.km-decor.ch\/fr\/wp-json\/wp\/v2\/product_cat?post=41771"},{"taxonomy":"product_tag","embeddable":true,"href":"https:\/\/www.km-decor.ch\/fr\/wp-json\/wp\/v2\/product_tag?post=41771"}],"curies":[{"name":"wp","href":"https:\/\/api.w.org\/{rel}","templated":true}]}}

<p>Fonctionnement sur batterie / 3W / RA95 / 90Lm/W / 3000K / câble de chargement avec fiche USB d'un côté et Micro USB 800mm / dimmable</p>
