{"id":41553,"date":"2024-07-15T14:48:59","date_gmt":"2024-07-15T12:48:59","guid":{"rendered":"https:\/\/www.km-decor.ch\/produkt\/led-auf-einbauleuchte-line-spot-mini-auf-mass-28-8w-m1-2700k\/"},"modified":"2025-07-04T09:38:50","modified_gmt":"2025-07-04T07:38:50","slug":"led-auf-einbauleuchte-line-spot-mini-auf-mass-28-8w-m1-2700k","status":"publish","type":"product","link":"https:\/\/www.km-decor.ch\/de\/produkt\/led-auf-einbauleuchte-line-spot-mini-auf-mass-28-8w-m1-2700k\/","title":{"rendered":"LED Auf- \/ Einbauleuchte Line Spot Mini auf Mass"},"content":{"rendered":"<p>24V DC \/ 28.8W\/m1 \/ RA95 \/ 105Lm\/W \/ 2700K, 3100K und 4000K \/ dimmbar<br \/>\nAchtung: Ab 2500mm LED-L\u00e4nge wird die Anschlussleitung mit losen Enden geliefert f\u00fcr Direktanschluss an Betriebsger\u00e4t.<\/p>\n","protected":false},"excerpt":{"rendered":"<p>24V DC \/ 28.8W\/m1 \/ RA95 \/ 105Lm\/W \/ 2700K, 3100K und 4000K \/ dimmbar Achtung: Ab 2500mm LED-L\u00e4nge wird die Anschlussleitung mit losen Enden geliefert f\u00fcr Direktanschluss an Betriebsger\u00e4t.<\/p>\n","protected":false},"featured_media":37847,"comment_status":"closed","ping_status":"closed","template":"","meta":{"_acf_changed":false},"product_brand":[],"product_cat":[32],"product_tag":[],"class_list":{"0":"post-41553","1":"product","2":"type-product","3":"status-publish","4":"has-post-thumbnail","6":"product_cat-led-einbau-linear","8":"first","9":"instock","10":"purchasable","11":"product-type-variable","12":"has-default-attributes"},"acf":[],"_links":{"self":[{"href":"https:\/\/www.km-decor.ch\/de\/wp-json\/wp\/v2\/product\/41553","targetHints":{"allow":["GET"]}}],"collection":[{"href":"https:\/\/www.km-decor.ch\/de\/wp-json\/wp\/v2\/product"}],"about":[{"href":"https:\/\/www.km-decor.ch\/de\/wp-json\/wp\/v2\/types\/product"}],"replies":[{"embeddable":true,"href":"https:\/\/www.km-decor.ch\/de\/wp-json\/wp\/v2\/comments?post=41553"}],"wp:featuredmedia":[{"embeddable":true,"href":"https:\/\/www.km-decor.ch\/de\/wp-json\/wp\/v2\/media\/37847"}],"wp:attachment":[{"href":"https:\/\/www.km-decor.ch\/de\/wp-json\/wp\/v2\/media?parent=41553"}],"wp:term":[{"taxonomy":"product_brand","embeddable":true,"href":"https:\/\/www.km-decor.ch\/de\/wp-json\/wp\/v2\/product_brand?post=41553"},{"taxonomy":"product_cat","embeddable":true,"href":"https:\/\/www.km-decor.ch\/de\/wp-json\/wp\/v2\/product_cat?post=41553"},{"taxonomy":"product_tag","embeddable":true,"href":"https:\/\/www.km-decor.ch\/de\/wp-json\/wp\/v2\/product_tag?post=41553"}],"curies":[{"name":"wp","href":"https:\/\/api.w.org\/{rel}","templated":true}]}}

<p>24V DC / 28.8W/m1 / RA95 / 105Lm/W / 2700K, 3100K und 4000K / dimmbar<br />
Achtung: Ab 2500mm LED-Länge wird die Anschlussleitung mit losen Enden geliefert für Direktanschluss an Betriebsgerät.</p>

<p>24V DC / 28.8W/m1 / RA95 / 105Lm/W / 2700K, 3100K und 4000K / dimmbar Achtung: Ab 2500mm LED-Länge wird die Anschlussleitung mit losen Enden geliefert für Direktanschluss an Betriebsgerät.</p>
